9697
What are the prime factors of 58069152?
2, 3, 201629
What are the prime factors of 60606714?
2, 3, 7, 283, 5099
List the prime factors of 815196979.
8443, 96553
What are the prime factors of 126864354?
2, 3, 21144059
List the prime factors of 199432087.
199432087
What are the prime factors of 213060641?
41, 5196601
What are the prime factors of 756559386?
2, 3, 11, 71, 17939
List the prime factors of 101999423.
1223, 83401
List the prime factors of 595025336.
2, 73, 1018879
List the prime factors of 1679746644.
2, 3, 73, 431, 1483
List the prime factors of 49719723.
3, 16573241
What are the prime factors of 512707048?
2, 7, 67, 136649
What are the prime factors of 57720136?
2, 47, 153511
List the prime factors of 51559783.
11, 67, 69959
List the prime factors of 81345530.
2, 5, 7, 1162079
What are the prime factors of 89490264?
2, 3, 1931
List the prime factors of 1330183102.
2, 643, 1034357
What are the prime factors of 37114902?
2, 3, 11, 62483
List the prime factors of 92519987.
7, 19, 99377
What are the prime factors of 7994131?
17, 470243
What are the prime factors of 1917304711?
7, 14447, 18959
What are the prime factors of 161309617?
7, 17, 193649
List the prime factors of 73332871.
271, 270601
What are the prime factors of 45912774?
2, 3, 7652129
What are the prime factors of 5143550969?
31, 109, 257, 5923
What are the prime factors of 1430024318?
2, 127, 5630017
What are the prime factors of 28376083?
28376083
List the prime factors of 331084801.
331084801
List the prime factors of 132024492.
2, 3, 407483
List the prime factors of 297298892.
2, 11, 773, 8741
What are the prime factors of 67757884?
2, 2963, 5717
List the prime factors of 1468479291.
3, 61, 2099, 3823
List the prime factors of 5369021177.
13, 413001629
What are the prime factors of 56223270?
2, 3, 5, 23, 157, 173
List the prime factors of 1168866484.
2, 17, 17189213
List the prime factors of 139528986.
2, 3, 41, 577, 983
List the prime factors of 2268704528.
2, 141794033
List the prime factors of 5863924303.
5863924303
List the prime factors of 338553038.
2, 9689, 17471
List the prime factors of 478780139.
479, 999541
What are the prime factors of 455882019?
3, 193, 787361
List the prime factors of 547501165.
5, 313, 349841
List the prime factors of 289716818.
2, 3623, 39983
List the prime factors of 3251025113.
7, 7297, 63647
What are the prime factors of 254900676?
2, 3, 21241723
List the prime factors of 46585746.
2, 3, 17, 31, 1637
List the prime factors of 97917898.
2, 13, 3766073
List the prime factors of 4685282842.
2, 37, 63314633
List the prime factors of 30666255.
3, 5, 569, 3593
List the prime factors of 327051219.
3, 11, 17, 41, 59, 241
What are the prime factors of 57674823?
3, 19, 23, 29, 37, 41
List the prime factors of 33061186.
2, 89, 185737
List the prime factors of 66739376.
2, 11, 23, 16487
List the prime factors of 21074638.
2, 13, 62351
What are the prime factors of 21320236?
2, 7, 761437
List the prime factors of 228908774.
2, 17, 29, 31, 7489
List the prime factors of 430885714.
2, 7, 43, 102251
List the prime factors of 2405523844.
2, 601380961
List the prime factors of 3134536978.
2, 29, 67, 683, 1181
What are the prime factors of 170711736?
2, 3, 13, 257, 2129
List the prime factors of 951712497.
3, 953, 12329
List the prime factors of 9109704.
2, 3, 379571
What are the prime factors of 1747019158?
2, 37, 23608367
List the prime factors of 29813319.
3, 43, 25679
What are the prime factors of 41773771?
13, 31, 103657
What are the prime factors of 133874132?
2, 7, 641, 7459
List the prime factors of 424039824.
2, 3, 13, 31, 7307
What are the prime factors of 230279862?
2, 3, 41, 936097
What are the prime factors of 1215706223?
67, 18144869
What are the prime factors of 6872849419?
37, 185752687
What are the prime factors of 1800120123?
3, 17, 179, 65729
What are the prime factors of 1071283184?
2, 66955199
What are the prime factors of 5704311054?
2, 3, 13, 31, 2359103
List the prime factors of 3620009591.
11, 131, 1123, 2237
List the prime factors of 16983544.
2, 17, 47, 2657
List the prime factors of 373961986.
2, 47, 139, 28621
What are the prime factors of 1396893977?
1396893977
What are the prime factors of 47719015?
5, 9543803
List the prime factors of 252206569.
23, 491, 971
List the prime factors of 5930591871.
3, 1879, 1052083
What are the prime factors of 28812055?
5, 5762411
What are the prime factors of 1432188648?
2, 3, 11, 602773
List the prime factors of 69284732.
2, 11, 1574653
What are the prime factors of 88845349?
17, 19, 31, 467
What are the prime factors of 1405571237?
7, 17, 47, 5347
List the prime factors of 764509886.
2, 7, 359, 152111
List the prime factors of 17306769.
3, 43, 134161
List the prime factors of 39485840.
2, 5, 493573
What are the prime factors of 245346558?
2, 3, 197, 207569
List the prime factors of 414446231.
109, 1487, 2557
List the prime factors of 189383229.
3, 7, 229, 13127
List the prime factors of 5236744517.
439, 11928803
What are the prime factors of 74589482?
2, 11, 193, 1597
What are the prime factors of 129087516?
2, 3, 41, 59, 4447
What are the prime factors of 171356758?
2, 85678379
List the prime factors of 387140006.
2, 11, 17597273
List the prime factors of 4411119743.
19, 83, 2797159
List the prime factors of 560242279.
560242279
List the prime factors of 4573675605.
3, 5, 67, 4550921
What are the prime factors of 277897062?
2, 3, 17, 2724481
What are the prime factors of 29477566?
2, 263, 56041
What are the prime factors of 3276628386?
2, 3, 546104731
List the prime factors of 2658534227.
21589, 123143
What are the prime factors of 2118686767?
41, 613, 84299
What are the prime factors of 2228339137?
47, 317, 149563
List the prime factors of 1336797860.
2, 5, 103, 648931
What are the prime factors of 28215802?
2, 23, 26669
List the prime factors of 77173624.
2, 11, 47, 397
List the prime factors of 76352712.
2, 3, 17, 187139
What are the prime factors of 19384187?
19384187
What are the prime factors of 186055823?
79, 2355137
List the prime factors of 213708274.
2, 13, 632273
List the prime factors of 246244432.
2, 7, 1009, 2179
What are the prime factors of 506413472?
2, 167, 193, 491
List the prime factors of 4006497756.
2, 3, 353, 599, 1579
List the prime factors of 934680.
2, 3, 5, 7789
List the prime factors of 182057442.
2, 3, 7, 43, 14401
List the prime factors of 1192300075.
5, 3041, 15683
List the prime factors of 10413736.
2, 59, 22063
List the prime factors of 70002520.
2, 5, 7, 29, 37, 233
What are the prime factors of 104582428?
2, 73, 358159
What are the prime factors of 357780460?
2, 5, 1873, 9551
What are the prime factors of 83299932?
2, 3, 17, 136111
List the prime factors of 25643037.
3, 7, 1221097
List the prime factors of 276591336.
2, 3, 7, 1646377
List the prime factors of 66995469.
3, 7443941
What are the prime factors of 3688620285?
3, 5, 7, 23, 61, 73
List the prime factors of 629914267.
43, 59, 248291
What are the prime factors of 200801986?
2, 7, 11, 127, 10267
List the prime factors of 15345126.
2, 3, 94723
What are the prime factors of 78929486?
2, 61, 593, 1091
List the prime factors of 130078363.
23, 41, 137941
List the prime factors of 54358508.
2, 47, 289141
What are the prime factors of 48454138?
2, 24227069
List the prime factors of 2760511721.
11, 43, 5836177
What are the prime factors of 46865505?
3, 5, 3124367
List the prime factors of 19667034.
2, 3, 307, 3559
List the prime factors of 4636029126.
2, 3, 20047, 38543
What are the prime factors of 221694646?
2, 110847323
List the prime factors of 40037128.
2, 43, 116387
List the prime factors of 47819760.
2, 3, 5, 23, 8663
List the prime factors of 93239321.
7, 29, 409, 1123
List the prime factors of 5813557.
43, 353, 383
What are the prime factors of 72899359?
13, 29, 193367
List the prime factors of 228651413.
89, 2569117
List the prime factors of 21883511.
13, 23, 73189
What are the prime factors of 68583361?
7, 11, 457, 1949
What are the prime factors of 254216414?
2, 127108207
List the prime factors of 110362913.
1399, 78887
List the prime factors of 607588796.
2, 43, 113, 727
What are the prime factors of 37784258?
2, 18892129
List the prime factors of 520915168.
2, 29, 41, 13691
List 